{"id":3,"date":"2022-02-10T09:17:49","date_gmt":"2022-02-10T09:17:49","guid":{"rendered":"https:\/\/www.centrerenaissance.net\/?page_id=3"},"modified":"2025-07-19T17:10:09","modified_gmt":"2025-07-19T15:10:09","slug":"politica-privacidad","status":"publish","type":"page","link":"https:\/\/www.centrerenaissance.net\/ca\/politica-privacidad\/","title":{"rendered":"Pol\u00edtica de privacitat"},"content":{"rendered":"<p style=\"text-align: justify;\" class=\"translation-block\"><strong>Dumitra Oprisa<\/strong> es compromet a protegir la privadesa dels usuaris que accedeixin a aquesta web i\/o qualsevol dels seus serveis.<\/p>\n<p style=\"text-align: justify;\" class=\"translation-block\">La utilitzaci\u00f3 de la web i\/o de qualsevol dels serveis oferts per <strong>Dumitra Oprisa<\/strong> implica l'acceptaci\u00f3 per l'usuari de les disposicions contingudes en aquesta Pol\u00edtica de Privacitat i que les seves dades personals siguin tractades segons s'hi estipula.<\/p>\n<p style=\"text-align: justify;\" class=\"translation-block\">Cal tenir en compte que tot i que hi pugui haver enlla\u00e7os de la nostra web a altres webs o xarxes socials, aquesta Pol\u00edtica de Privacitat no s'aplica a les webs d'altres companyies o organitzacions a qu\u00e8 la web estigui redirigida.<strong>Dumitra Oprisa<\/strong> no controla el contingut de les webs de tercers, ni accepta qualsevol responsabilitat pel contingut o les pol\u00edtiques de privadesa d'aquestes webs.<\/p>\n<h4 style=\"text-align: center;\"><strong>Informaci\u00f3 b\u00e0sica sobre el tractament de dades (Reglament (UE) 2016\/679)<\/strong><\/h4>\n<table style=\"width: 100%; border-collapse: collapse; border-style: solid; border-color: #e1e2e3; background-color: #f1f2f3; height: 132px;\" border=\"1\" cellpadding=\"1\">\n<tbody>\n<tr style=\"height: 48px;\">\n<td style=\"width: 32.0179%; height: 48px;\"><span style=\"font-size: 9pt;\"><strong>Responsable del tractament<\/strong><\/span><\/td>\n<td style=\"width: 67.8609%; height: 48px;\"><span style=\"font-size: 9pt;\"><strong>Dumitra Oprisa<br \/>\n<\/strong>N.I.F. Y1396601D<br \/>\n<\/span><span style=\"font-size: 9pt;\">Pla\u00e7a Monestir, 32. 17220 Sant Feliu de Gu\u00edxols. (Girona)<\/span><br \/>\n<a href=\"mailto:info@centrerenaissance.net\"><span style=\"font-size: 9pt;\">info@centrerenaissance.net<\/span><\/a><\/td>\n<\/tr>\n<tr style=\"height: 24px;\">\n<td style=\"width: 32.0179%; height: 24px;\"><strong><span style=\"font-size: 9pt;\">Finalitat del tractament<\/span><\/strong><\/td>\n<td style=\"width: 67.8609%; height: 24px;\"><span style=\"font-size: 9pt;\">Oferir i gestionar els nostres serveis.<\/span><\/td>\n<\/tr>\n<tr style=\"height: 10px;\">\n<td style=\"width: 32.0179%; height: 10px;\"><span style=\"font-size: 9pt;\"><strong>Legitimaci\u00f3<\/strong><\/span><\/td>\n<td style=\"width: 67.8609%; height: 10px;\"><span style=\"font-size: 9pt;\">Consentiment obtingut de l'interessat.<\/span> <span style=\"font-size: 9pt;\">Execuci\u00f3 del contracte de serveis.<\/span><\/td>\n<\/tr>\n<tr style=\"height: 10px;\">\n<td style=\"width: 32.0179%; height: 10px;\"><span style=\"font-size: 9pt;\"><strong>Destinataris<\/strong><\/span><\/td>\n<td style=\"width: 67.8609%; text-align: justify; height: 10px;\"><span style=\"font-size: 9pt;\">Les dades no seran comunicades a tercers, llevat que ho exigeixi una llei o sigui necessari per complir amb la finalitat del tractament.<\/span><\/td>\n<\/tr>\n<tr style=\"height: 10px;\">\n<td style=\"width: 32.0179%; height: 10px;\"><span style=\"font-size: 9pt;\"><strong>Drets de les persones <\/strong><\/span><\/td>\n<td style=\"width: 67.8609%; text-align: justify; height: 10px;\"><span style=\"font-size: 9pt;\">Els interessats tenen dret a exercir els drets d'acc\u00e9s, rectificaci\u00f3, limitaci\u00f3 de tractament, supressi\u00f3, portabilitat i oposici\u00f3, enviant la seva sol\u00b7licitud a la nostra adre\u00e7a.<\/span><\/td>\n<\/tr>\n<tr style=\"height: 10px;\">\n<td style=\"width: 32.0179%; height: 10px;\"><span style=\"font-size: 9pt;\"><strong>Termini de conservaci\u00f3 de les dades<\/strong><\/span><\/td>\n<td style=\"width: 67.8609%; text-align: justify; height: 10px;\"><span style=\"font-size: 9pt;\">Mentre es mantingui la relaci\u00f3 comercial o durant els anys necessaris per complir les obligacions legals.<\/span><\/td>\n<\/tr>\n<tr style=\"height: 10px;\">\n<td style=\"width: 32.0179%; height: 10px;\"><span style=\"font-size: 9pt;\"><strong>Reclamaci\u00f3<\/strong><\/span><\/td>\n<td style=\"width: 67.8609%; text-align: justify; height: 10px;\"><span style=\"font-size: 9pt;\">Els interessats poden adre\u00e7ar-se a lAEPD per presentar la reclamaci\u00f3 que consideri oportuna.<\/span><\/td>\n<\/tr>\n<tr style=\"height: 10px;\">\n<td style=\"width: 32.0179%; height: 10px;\"><span style=\"font-size: 9pt;\"><strong>Informaci\u00f3 addicional<\/strong><\/span><\/td>\n<td style=\"width: 67.8609%; text-align: justify; height: 10px;\"><span style=\"font-size: 9pt;\">Pots consultar la informaci\u00f3 addicional i detallada a continuaci\u00f3 a les \u00abPreguntes sobre privacitat\u00bb.<\/span><\/td>\n<\/tr>\n<\/tbody>\n<\/table>\n<h3 style=\"text-align: center;\">Q\u00fcestions sobre privacitat<\/h3>\n<p style=\"text-align: justify;\">En compliment del Reglament (UE) 2016\/679 del Parlament Europeu i del Consell, de 27 d'abril de 2016, (RGPD), li oferim la informaci\u00f3 seg\u00fcent sobre el tractament de les seves dades personals:<\/p>\n<h4><strong>Qui \u00e9s el responsable del tractament de les seves dades?<\/strong><\/h4>\n<p>Identitat:\u00a0<strong>Dumitra Oprisa<\/strong><br \/>\nNIF: <strong>Y1396601D<br \/>\n<\/strong>Adre\u00e7a: <strong>Pla\u00e7a Monestir, 32. 17220 Sant Feliu de Gu\u00edxols. (Girona)<br \/>\n<\/strong>Tel\u00e8fon: <strong>642 327 760<br \/>\n<\/strong>Correu electr\u00f2nic<strong>:<\/strong> <a href=\"mailto:info@centrerenaissance.net\"><strong>info@centrerenaissance.net<\/strong><\/a><\/p>\n<h4><strong>Amb quina finalitat tractem les seves dades personals?<\/strong><\/h4>\n<ul>\n<li style=\"text-align: justify;\">Tractem la informaci\u00f3 que se'ns facilita per gestionar els nostres serveis.<\/li>\n<li style=\"text-align: justify;\">En cas que es posi en contacte amb nosaltres a trav\u00e9s del formulari de contacte de la nostra p\u00e0gina web els tractarem per gestionar la seva consulta.<\/li>\n<li style=\"text-align: justify;\">Si ens doneu el vostre consentiment tamb\u00e9 podrem tractar les vostres dades per enviar-vos informaci\u00f3 sobre les nostres activitats, productes o serveis.<\/li>\n<\/ul>\n<h4><strong>Quant de temps conservarem les seves dades?<\/strong><\/h4>\n<ul>\n<li style=\"text-align: justify;\">Les dades personals proporcionades es conservaran mentre sigui usuari dels nostres serveis o vulgui rebre informaci\u00f3, i despr\u00e9s, durant els terminis establerts per complir les nostres obligacions legals.<\/li>\n<\/ul>\n<h4><strong>Quina \u00e9s la legitimaci\u00f3 per al tractament de les seves dades?<\/strong><\/h4>\n<p style=\"text-align: justify;\">La legitimaci\u00f3 per tractar-los es troba en l'execuci\u00f3 del contracte de serveis i en els consentiments que ens d\u00f3na.<\/p>\n<p style=\"text-align: justify;\">Pel que fa a aquella informaci\u00f3 que sigui remesa per menors de 16 anys, ser\u00e0 requisit imprescindible que es faci amb el consentiment patern, del tutor o del representant legal del menor perqu\u00e8 les dades personals puguin ser objecte de tractament. Si no \u00e9s aix\u00ed, el representant legal del menor ens ho comunicar\u00e0 tan aviat com en tingui coneixement.<\/p>\n<h4><strong>A quins destinataris es comunicaran les seves dades?<\/strong><\/h4>\n<p style=\"text-align: justify;\">Les dades no seran comunicades a tercers, llevat que ho exigeixi una llei o sigui necessari per complir amb la finalitat del tractament.<\/p>\n<h4><strong>Quins s\u00f3n els seus drets quan ens facilita les seves dades?<\/strong><\/h4>\n<ul>\n<li style=\"text-align: justify;\">Qualsevol persona t\u00e9 dret a obtenir confirmaci\u00f3 sobre si estem tractant o no les seves dades personals.<\/li>\n<li style=\"text-align: justify;\">Els interessats tenen dret a accedir a les seves dades personals, aix\u00ed com a sol\u00b7licitar la rectificaci\u00f3 de les dades inexactes o, si escau, sol\u00b7licitar-ne la supressi\u00f3 quan, entre altres motius, les dades ja no siguin necess\u00e0ries per a les finalitats per a les quals es van recollir.<\/li>\n<li style=\"text-align: justify;\">En determinades circumst\u00e0ncies els interessats podran sol\u00b7licitar la limitaci\u00f3 del tractament de les seves dades, en aquest cas \u00fanicament les conservarem per a l'exercici o la defensa de reclamacions.<\/li>\n<li style=\"text-align: justify;\">Tamb\u00e9, en determinades circumst\u00e0ncies i per motius relacionats amb la seva situaci\u00f3 particular, els interessats poden oposar-se al tractament de les dades. En aquest cas, deixarem de tractar les dades, excepte per motius leg\u00edtims imperiosos o per a l'exercici o la defensa de possibles reclamacions.<\/li>\n<li style=\"text-align: justify;\">Els interessats tamb\u00e9 tenen dret a la portabilitat de les seves dades.<\/li>\n<li style=\"text-align: justify;\">Finalment, els interessats tenen dret a presentar una reclamaci\u00f3 davant de l'Autoritat de Control competent.<\/li>\n<\/ul>\n<h4><strong>Com pot exercir els seus drets?<\/strong><\/h4>\n<p style=\"text-align: justify;\">Enviant un escrit adjuntant una c\u00f2pia d'un document que l'identifiqui, a la nostra adre\u00e7a f\u00edsica o electr\u00f2nica.<\/p>\n<h4><strong>Com hem obtingut les seves dades?<\/strong><\/h4>\n<p style=\"text-align: justify;\">Les dades personals que tractem procedeixen del mateix interessat. L'interessat garanteix que les dades personals facilitades s\u00f3n certes i es fa responsable de comunicar-ne qualsevol modificaci\u00f3. Les dades que estiguin marcades amb un asterisc seran obligat\u00f2ries per poder donar-li el servei sol\u00b7licitat.<\/p>\n<h4><strong>Quines dades tractem?<\/strong><\/h4>\n<p>Les categories de dades que podem tractar en la prestaci\u00f3 dels nostres serveis s\u00f3n:<\/p>\n<ul>\n<li>Dades de car\u00e0cter identificatiu.<\/li>\n<li>Adreces postals o electr\u00f2niques.<\/li>\n<\/ul>\n<p style=\"text-align: justify;\">Les dades s\u00f3n limitades, at\u00e8s que \u00fanicament tractem les dades necess\u00e0ries per a la prestaci\u00f3 dels nostres serveis i la gesti\u00f3 de la nostra activitat.<\/p>\n<h4><strong>Utilitzem cookies?<\/strong><\/h4>\n<p style=\"text-align: justify;\">Utilitzem cookies durant la navegaci\u00f3 a la nostra web amb el consentiment de l'usuari.<\/p>\n<p style=\"text-align: justify;\">L'usuari pot configurar el navegador per ser avisat de la utilitzaci\u00f3 de cookies i per evitar-ne l'\u00fas. Si us plau, visiti la nostra <a href=\"https:\/\/www.centrerenaissance.net\/ca\/politica-de-cookies\/\" target=\"_blank\" rel=\"noopener\"><strong>pol\u00edtica de cookies<\/strong><\/a>.<\/p>\n<h4><strong>Quines mesures de seguretat apliquem?<\/strong><\/h4>\n<p style=\"text-align: justify;\">Apliquem les mesures de seguretat establertes a l'article 32 del RGPD, per tant, hem adoptat les mesures de seguretat necess\u00e0ries per garantir un nivell de seguretat adequat al risc del tractament de dades que realitzem, amb mecanismes que ens permeten garantir la confidencialitat, integritat, disponibilitat i resili\u00e8ncia permanent dels sistemes i serveis de tractament.<\/p>\n<p>Algunes d'aquestes mesures s\u00f3n:<\/p>\n<ul>\n<li style=\"text-align: justify;\">Informaci\u00f3 de les pol\u00edtiques de tractament de dades al personal.<\/li>\n<li style=\"text-align: justify;\">Realitzaci\u00f3 de c\u00f2pies de seguretat peri\u00f2diques.<\/li>\n<li style=\"text-align: justify;\">Control d'acc\u00e9s a les dades.<\/li>\n<li style=\"text-align: justify;\">Processos de verificaci\u00f3, avaluaci\u00f3 i valoraci\u00f3 regulars.<\/li>\n<\/ul>","protected":false},"excerpt":{"rendered":"<p>Dumitra Oprisa se compromete a proteger la privacidad de los usuarios que accedan a esta web y\/o cualquiera de sus servicios. La utilizaci\u00f3n de la web y\/o de cualquiera de los servicios ofrecidos por\u00a0Dumitra Oprisa implica la aceptaci\u00f3n por el usuario de las disposiciones contenidas en la presente Pol\u00edtica de Privacidad y que sus datos<br \/><a class=\"moretag\" href=\"https:\/\/www.centrerenaissance.net\/ca\/politica-privacidad\/\">+ Read More<\/a><\/p>","protected":false},"author":1,"featured_media":2527,"parent":0,"menu_order":0,"comment_status":"closed","ping_status":"closed","template":"templates\/page-fullwidth_template.php","meta":{"footnotes":""},"class_list":["post-3","page","type-page","status-publish","has-post-thumbnail","hentry"],"_links":{"self":[{"href":"https:\/\/www.centrerenaissance.net\/ca\/wp-json\/wp\/v2\/pages\/3","targetHints":{"allow":["GET"]}}],"collection":[{"href":"https:\/\/www.centrerenaissance.net\/ca\/wp-json\/wp\/v2\/pages"}],"about":[{"href":"https:\/\/www.centrerenaissance.net\/ca\/wp-json\/wp\/v2\/types\/page"}],"author":[{"embeddable":true,"href":"https:\/\/www.centrerenaissance.net\/ca\/wp-json\/wp\/v2\/users\/1"}],"replies":[{"embeddable":true,"href":"https:\/\/www.centrerenaissance.net\/ca\/wp-json\/wp\/v2\/comments?post=3"}],"version-history":[{"count":0,"href":"https:\/\/www.centrerenaissance.net\/ca\/wp-json\/wp\/v2\/pages\/3\/revisions"}],"wp:featuredmedia":[{"embeddable":true,"href":"https:\/\/www.centrerenaissance.net\/ca\/wp-json\/wp\/v2\/media\/2527"}],"wp:attachment":[{"href":"https:\/\/www.centrerenaissance.net\/ca\/wp-json\/wp\/v2\/media?parent=3"}],"curies":[{"name":"wp","href":"https:\/\/api.w.org\/{rel}","templated":true}]}}

Política de privacitat

<p style="text-align: justify;" class="translation-block"><strong>Dumitra Oprisa</strong> es compromet a protegir la privadesa dels usuaris que accedeixin a aquesta web i/o qualsevol dels seus serveis.</p>
<p style="text-align: justify;" class="translation-block">La utilització de la web i/o de qualsevol dels serveis oferts per <strong>Dumitra Oprisa</strong> implica l'acceptació per l'usuari de les disposicions contingudes en aquesta Política de Privacitat i que les seves dades personals siguin tractades segons s'hi estipula.</p>
<p style="text-align: justify;" class="translation-block">Cal tenir en compte que tot i que hi pugui haver enllaços de la nostra web a altres webs o xarxes socials, aquesta Política de Privacitat no s'aplica a les webs d'altres companyies o organitzacions a què la web estigui redirigida.<strong>Dumitra Oprisa</strong> no controla el contingut de les webs de tercers, ni accepta qualsevol responsabilitat pel contingut o les polítiques de privadesa d'aquestes webs.</p>
<h4 style="text-align: center;"><strong>Informació bàsica sobre el tractament de dades (Reglament (UE) 2016/679)</strong></h4>
<table style="width: 100%; border-collapse: collapse; border-style: solid; border-color: #e1e2e3; background-color: #f1f2f3; height: 132px;" border="1" cellpadding="1">
<tbody>
<tr style="height: 48px;">
<td style="width: 32.0179%; height: 48px;"><span style="font-size: 9pt;"><strong>Responsable del tractament</strong></span></td>
<td style="width: 67.8609%; height: 48px;"><span style="font-size: 9pt;"><strong>Dumitra Oprisa<br />
</strong>N.I.F. Y1396601D<br />
</span><span style="font-size: 9pt;">Plaça Monestir, 32. 17220 Sant Feliu de Guíxols. (Girona)</span><br />
<a href="mailto:info@centrerenaissance.net"><span style="font-size: 9pt;">info@centrerenaissance.net</span></a></td>
</tr>
<tr style="height: 24px;">
<td style="width: 32.0179%; height: 24px;"><strong><span style="font-size: 9pt;">Finalitat del tractament</span></strong></td>
<td style="width: 67.8609%; height: 24px;"><span style="font-size: 9pt;">Oferir i gestionar els nostres serveis.</span></td>
</tr>
<tr style="height: 10px;">
<td style="width: 32.0179%; height: 10px;"><span style="font-size: 9pt;"><strong>Legitimació</strong></span></td>
<td style="width: 67.8609%; height: 10px;"><span style="font-size: 9pt;">Consentiment obtingut de l'interessat.</span> <span style="font-size: 9pt;">Execució del contracte de serveis.</span></td>
</tr>
<tr style="height: 10px;">
<td style="width: 32.0179%; height: 10px;"><span style="font-size: 9pt;"><strong>Destinataris</strong></span></td>
<td style="width: 67.8609%; text-align: justify; height: 10px;"><span style="font-size: 9pt;">Les dades no seran comunicades a tercers, llevat que ho exigeixi una llei o sigui necessari per complir amb la finalitat del tractament.</span></td>
</tr>
<tr style="height: 10px;">
<td style="width: 32.0179%; height: 10px;"><span style="font-size: 9pt;"><strong>Drets de les persones </strong></span></td>
<td style="width: 67.8609%; text-align: justify; height: 10px;"><span style="font-size: 9pt;">Els interessats tenen dret a exercir els drets d'accés, rectificació, limitació de tractament, supressió, portabilitat i oposició, enviant la seva sol·licitud a la nostra adreça.</span></td>
</tr>
<tr style="height: 10px;">
<td style="width: 32.0179%; height: 10px;"><span style="font-size: 9pt;"><strong>Termini de conservació de les dades</strong></span></td>
<td style="width: 67.8609%; text-align: justify; height: 10px;"><span style="font-size: 9pt;">Mentre es mantingui la relació comercial o durant els anys necessaris per complir les obligacions legals.</span></td>
</tr>
<tr style="height: 10px;">
<td style="width: 32.0179%; height: 10px;"><span style="font-size: 9pt;"><strong>Reclamació</strong></span></td>
<td style="width: 67.8609%; text-align: justify; height: 10px;"><span style="font-size: 9pt;">Els interessats poden adreçar-se a lAEPD per presentar la reclamació que consideri oportuna.</span></td>
</tr>
<tr style="height: 10px;">
<td style="width: 32.0179%; height: 10px;"><span style="font-size: 9pt;"><strong>Informació addicional</strong></span></td>
<td style="width: 67.8609%; text-align: justify; height: 10px;"><span style="font-size: 9pt;">Pots consultar la informació addicional i detallada a continuació a les «Preguntes sobre privacitat».</span></td>
</tr>
</tbody>
</table>
<h3 style="text-align: center;">Qüestions sobre privacitat</h3>
<p style="text-align: justify;">En compliment del Reglament (UE) 2016/679 del Parlament Europeu i del Consell, de 27 d'abril de 2016, (RGPD), li oferim la informació següent sobre el tractament de les seves dades personals:</p>
<h4><strong>Qui és el responsable del tractament de les seves dades?</strong></h4>
<p>Identitat: <strong>Dumitra Oprisa</strong><br />
NIF: <strong>Y1396601D<br />
</strong>Adreça: <strong>Plaça Monestir, 32. 17220 Sant Feliu de Guíxols. (Girona)<br />
</strong>Telèfon: <strong>642 327 760<br />
</strong>Correu electrònic<strong>:</strong> <a href="mailto:info@centrerenaissance.net"><strong>info@centrerenaissance.net</strong></a></p>
<h4><strong>Amb quina finalitat tractem les seves dades personals?</strong></h4>
<ul>
<li style="text-align: justify;">Tractem la informació que se'ns facilita per gestionar els nostres serveis.</li>
<li style="text-align: justify;">En cas que es posi en contacte amb nosaltres a través del formulari de contacte de la nostra pàgina web els tractarem per gestionar la seva consulta.</li>
<li style="text-align: justify;">Si ens doneu el vostre consentiment també podrem tractar les vostres dades per enviar-vos informació sobre les nostres activitats, productes o serveis.</li>
</ul>
<h4><strong>Quant de temps conservarem les seves dades?</strong></h4>
<ul>
<li style="text-align: justify;">Les dades personals proporcionades es conservaran mentre sigui usuari dels nostres serveis o vulgui rebre informació, i després, durant els terminis establerts per complir les nostres obligacions legals.</li>
</ul>
<h4><strong>Quina és la legitimació per al tractament de les seves dades?</strong></h4>
<p style="text-align: justify;">La legitimació per tractar-los es troba en l'execució del contracte de serveis i en els consentiments que ens dóna.</p>
<p style="text-align: justify;">Pel que fa a aquella informació que sigui remesa per menors de 16 anys, serà requisit imprescindible que es faci amb el consentiment patern, del tutor o del representant legal del menor perquè les dades personals puguin ser objecte de tractament. Si no és així, el representant legal del menor ens ho comunicarà tan aviat com en tingui coneixement.</p>
<h4><strong>A quins destinataris es comunicaran les seves dades?</strong></h4>
<p style="text-align: justify;">Les dades no seran comunicades a tercers, llevat que ho exigeixi una llei o sigui necessari per complir amb la finalitat del tractament.</p>
<h4><strong>Quins són els seus drets quan ens facilita les seves dades?</strong></h4>
<ul>
<li style="text-align: justify;">Qualsevol persona té dret a obtenir confirmació sobre si estem tractant o no les seves dades personals.</li>
<li style="text-align: justify;">Els interessats tenen dret a accedir a les seves dades personals, així com a sol·licitar la rectificació de les dades inexactes o, si escau, sol·licitar-ne la supressió quan, entre altres motius, les dades ja no siguin necessàries per a les finalitats per a les quals es van recollir.</li>
<li style="text-align: justify;">En determinades circumstàncies els interessats podran sol·licitar la limitació del tractament de les seves dades, en aquest cas únicament les conservarem per a l'exercici o la defensa de reclamacions.</li>
<li style="text-align: justify;">També, en determinades circumstàncies i per motius relacionats amb la seva situació particular, els interessats poden oposar-se al tractament de les dades. En aquest cas, deixarem de tractar les dades, excepte per motius legítims imperiosos o per a l'exercici o la defensa de possibles reclamacions.</li>
<li style="text-align: justify;">Els interessats també tenen dret a la portabilitat de les seves dades.</li>
<li style="text-align: justify;">Finalment, els interessats tenen dret a presentar una reclamació davant de l'Autoritat de Control competent.</li>
</ul>
<h4><strong>Com pot exercir els seus drets?</strong></h4>
<p style="text-align: justify;">Enviant un escrit adjuntant una còpia d'un document que l'identifiqui, a la nostra adreça física o electrònica.</p>
<h4><strong>Com hem obtingut les seves dades?</strong></h4>
<p style="text-align: justify;">Les dades personals que tractem procedeixen del mateix interessat. L'interessat garanteix que les dades personals facilitades són certes i es fa responsable de comunicar-ne qualsevol modificació. Les dades que estiguin marcades amb un asterisc seran obligatòries per poder donar-li el servei sol·licitat.</p>
<h4><strong>Quines dades tractem?</strong></h4>
<p>Les categories de dades que podem tractar en la prestació dels nostres serveis són:</p>
<ul>
<li>Dades de caràcter identificatiu.</li>
<li>Adreces postals o electròniques.</li>
</ul>
<p style="text-align: justify;">Les dades són limitades, atès que únicament tractem les dades necessàries per a la prestació dels nostres serveis i la gestió de la nostra activitat.</p>
<h4><strong>Utilitzem cookies?</strong></h4>
<p style="text-align: justify;">Utilitzem cookies durant la navegació a la nostra web amb el consentiment de l'usuari.</p>
<p style="text-align: justify;">L'usuari pot configurar el navegador per ser avisat de la utilització de cookies i per evitar-ne l'ús. Si us plau, visiti la nostra <a href="https://www.centrerenaissance.net/ca/politica-de-cookies/" target="_blank" rel="noopener"><strong>política de cookies</strong></a>.</p>
<h4><strong>Quines mesures de seguretat apliquem?</strong></h4>
<p style="text-align: justify;">Apliquem les mesures de seguretat establertes a l'article 32 del RGPD, per tant, hem adoptat les mesures de seguretat necessàries per garantir un nivell de seguretat adequat al risc del tractament de dades que realitzem, amb mecanismes que ens permeten garantir la confidencialitat, integritat, disponibilitat i resiliència permanent dels sistemes i serveis de tractament.</p>
<p>Algunes d'aquestes mesures són:</p>
<ul>
<li style="text-align: justify;">Informació de les polítiques de tractament de dades al personal.</li>
<li style="text-align: justify;">Realització de còpies de seguretat periòdiques.</li>
<li style="text-align: justify;">Control d'accés a les dades.</li>
<li style="text-align: justify;">Processos de verificació, avaluació i valoració regulars.</li>
</ul>

<p>Dumitra Oprisa se compromete a proteger la privacidad de los usuarios que accedan a esta web y/o cualquiera de sus servicios. La utilización de la web y/o de cualquiera de los servicios ofrecidos por Dumitra Oprisa implica la aceptación por el usuario de las disposiciones contenidas en la presente Política de Privacidad y que sus datos<br /><a class="moretag" href="https://www.centrerenaissance.net/ca/politica-privacidad/">+ Read More</a></p>
